{"id":2173,"date":"2025-04-20T22:09:18","date_gmt":"2025-04-20T19:09:18","guid":{"rendered":"https:\/\/projederi.com.tr\/?post_type=product&#038;p=2173"},"modified":"2025-04-20T22:12:56","modified_gmt":"2025-04-20T19:12:56","slug":"deri-kapli-aski","status":"publish","type":"product","link":"https:\/\/projederi.com.tr\/?product=deri-kapli-aski","title":{"rendered":"Deri Kapl\u0131 Ask\u0131"},"content":{"rendered":"<p class=\"\" data-start=\"407\" data-end=\"439\"><strong data-start=\"407\" data-end=\"439\">L\u00fcks Dokunu\u015fun Tamamlay\u0131c\u0131s\u0131<\/strong><\/p>\n<p class=\"\" data-start=\"441\" data-end=\"666\">Sade ama etkileyici. Zamans\u0131z ama modern.<br data-start=\"482\" data-end=\"485\" \/><strong data-start=\"485\" data-end=\"514\">Leather Touch Koleksiyonu<\/strong>, otel s\u00fcitlerinden yatlara, \u00f6zel konutlardan spa alanlar\u0131na kadar t\u00fcm se\u00e7kin ya\u015fam alanlar\u0131 i\u00e7in tasarland\u0131. Her detayda kalite, her y\u00fczeyde zarafet&#8230;<\/p>\n<p class=\"\" data-start=\"668\" data-end=\"860\">Bu \u00f6zel koleksiyon, deri kaplaman\u0131n sofistike dokusunu g\u00fcnl\u00fck kullan\u0131m \u00fcr\u00fcnlerine ustal\u0131kla ta\u015f\u0131r. Amac\u0131m\u0131z sadece d\u00fczen sa\u011flamak de\u011fil, ayn\u0131 zamanda bulundu\u011fu ortama bir karakter kazand\u0131rmak.<\/p>\n<p>&nbsp;<\/p>\n<p><img decoding=\"async\" class=\"alignnone wp-image-1996\" src=\"http:\/\/projederi.com.tr\/wp-content\/uploads\/2025\/01\/Ekran-Resmi-2025-02-09-17.39.56-300x117.png\" alt=\"\" width=\"144\" height=\"56\" srcset=\"https:\/\/projederi.com.tr\/wp-content\/uploads\/2025\/01\/Ekran-Resmi-2025-02-09-17.39.56-300x117.png 300w, https:\/\/projederi.com.tr\/wp-content\/uploads\/2025\/01\/Ekran-Resmi-2025-02-09-17.39.56.png 692w\" sizes=\"(max-width: 144px) 100vw, 144px\" \/><\/p>\n<p>&nbsp;<\/p>\n","protected":false},"excerpt":{"rendered":"<p>L\u00fcks Dokunu\u015fun Tamamlay\u0131c\u0131s\u0131 Sade ama etkileyici. Zamans\u0131z ama modern.Leather Touch Koleksiyonu, otel s\u00fcitlerinden yatlara, \u00f6zel konutlardan spa alanlar\u0131na kadar t\u00fcm se\u00e7kin ya\u015fam alanlar\u0131 i\u00e7in tasarland\u0131. Her detayda kalite, her y\u00fczeyde zarafet&#8230; Bu \u00f6zel koleksiyon, deri kaplaman\u0131n sofistike dokusunu g\u00fcnl\u00fck kullan\u0131m \u00fcr\u00fcnlerine ustal\u0131kla ta\u015f\u0131r. Amac\u0131m\u0131z sadece d\u00fczen sa\u011flamak de\u011fil, ayn\u0131 zamanda bulundu\u011fu ortama bir karakter kazand\u0131rmak. [&hellip;]<\/p>\n","protected":false},"featured_media":2182,"template":"","meta":[],"product_brand":[],"product_cat":[80,74,83],"product_tag":[84,33,32,27,34],"class_list":{"0":"post-2173","1":"product","2":"type-product","3":"status-publish","4":"has-post-thumbnail","6":"product_cat-aski","7":"product_cat-otel-urunleri","8":"product_cat-tekne","9":"product_tag-ev","10":"product_tag-interior","11":"product_tag-office","12":"product_tag-hotellerie","13":"product_tag-tekne","15":"first","16":"instock","17":"shipping-taxable","18":"purchasable","19":"product-type-variable"},"_links":{"self":[{"href":"https:\/\/projederi.com.tr\/index.php?rest_route=\/wp\/v2\/product\/2173","targetHints":{"allow":["GET"]}}],"collection":[{"href":"https:\/\/projederi.com.tr\/index.php?rest_route=\/wp\/v2\/product"}],"about":[{"href":"https:\/\/projederi.com.tr\/index.php?rest_route=\/wp\/v2\/types\/product"}],"wp:featuredmedia":[{"embeddable":true,"href":"https:\/\/projederi.com.tr\/index.php?rest_route=\/wp\/v2\/media\/2182"}],"wp:attachment":[{"href":"https:\/\/projederi.com.tr\/index.php?rest_route=%2Fwp%2Fv2%2Fmedia&parent=2173"}],"wp:term":[{"taxonomy":"product_brand","embeddable":true,"href":"https:\/\/projederi.com.tr\/index.php?rest_route=%2Fwp%2Fv2%2Fproduct_brand&post=2173"},{"taxonomy":"product_cat","embeddable":true,"href":"https:\/\/projederi.com.tr\/index.php?rest_route=%2Fwp%2Fv2%2Fproduct_cat&post=2173"},{"taxonomy":"product_tag","embeddable":true,"href":"https:\/\/projederi.com.tr\/index.php?rest_route=%2Fwp%2Fv2%2Fproduct_tag&post=2173"}],"curies":[{"name":"wp","href":"https:\/\/api.w.org\/{rel}","templated":true}]}}