{"id":2132,"date":"2025-04-20T21:29:27","date_gmt":"2025-04-20T18:29:27","guid":{"rendered":"https:\/\/projederi.com.tr\/?post_type=product&#038;p=2132"},"modified":"2025-04-20T21:34:50","modified_gmt":"2025-04-20T18:34:50","slug":"cekmeceli-kutu","status":"publish","type":"product","link":"https:\/\/projederi.com.tr\/?product=cekmeceli-kutu","title":{"rendered":"\u00c7ekmeceli Kutu"},"content":{"rendered":"<h3 class=\"\" data-start=\"215\" data-end=\"279\"><strong data-start=\"219\" data-end=\"279\">Zarafeti ve D\u00fczeni Bir Arada Sunar<\/strong><\/h3>\n<p class=\"\" data-start=\"281\" data-end=\"436\">Ya\u015fam alanlar\u0131n\u0131za \u015f\u0131kl\u0131k katarken d\u00fczeni de korumak ister misiniz?<\/p>\n<p class=\"\" data-start=\"281\" data-end=\"436\">El yap\u0131m\u0131 deri \u00e7ekmeceli kutular\u0131m\u0131z, hem estetik hem de fonksiyonel bir \u00e7\u00f6z\u00fcm sunar.<\/p>\n<p class=\"\" data-start=\"438\" data-end=\"684\">Her detay\u0131nda kaliteyi hissedece\u011finiz bu \u00f6zel tasar\u0131m; tak\u0131lar\u0131n\u0131z\u0131, ofis malzemelerinizi ya da \u00f6zel e\u015fyalar\u0131n\u0131z\u0131 saklamak i\u00e7in ideal.<\/p>\n<p class=\"\" data-start=\"315\" data-end=\"497\">Banyo alanlar\u0131na zarif ve fonksiyonel bir dokunu\u015f katan deri \u00e7ekmeceli kutular, buklet malzemeleriniz i\u00e7in hem d\u00fczenleyici bir \u00e7\u00f6z\u00fcm sunar hem de alandan tasarruf sa\u011flar.<\/p>\n<p class=\"\" data-start=\"499\" data-end=\"727\">\u00d6zellikle dar alanlarda kullan\u0131m\u0131 kolayla\u015ft\u0131ran kompakt tasar\u0131m\u0131 sayesinde, \u015fampuan, sabun, du\u015f bonesi ve di\u011fer buklet \u00fcr\u00fcnlerinizi estetik bir \u015fekilde sunabilirsiniz. L\u00fcks g\u00f6r\u00fcn\u00fcm\u00fcyle misafirlerinize kaliteli bir deneyim sunar.<\/p>\n<p class=\"\" data-start=\"438\" data-end=\"684\">\u00a0\u015e\u0131k deri kaplamas\u0131 ve \u00e7ok g\u00f6zl\u00fc \u00e7ekmece yap\u0131s\u0131yla evinizin veya ofisinizin vazge\u00e7ilmez bir par\u00e7as\u0131 olmaya aday.<\/p>\n<p>Suni deri<\/p>\n<p>\u0130stenilen \u00f6l\u00e7\u00fcde sipari\u015f verilebilir<\/p>\n<p><img decoding=\"async\" class=\"alignnone wp-image-1996\" src=\"http:\/\/projederi.com.tr\/wp-content\/uploads\/2025\/01\/Ekran-Resmi-2025-02-09-17.39.56-300x117.png\" alt=\"\" width=\"144\" height=\"56\" srcset=\"https:\/\/projederi.com.tr\/wp-content\/uploads\/2025\/01\/Ekran-Resmi-2025-02-09-17.39.56-300x117.png 300w, https:\/\/projederi.com.tr\/wp-content\/uploads\/2025\/01\/Ekran-Resmi-2025-02-09-17.39.56.png 692w\" sizes=\"(max-width: 144px) 100vw, 144px\" \/><\/p>\n<p>&nbsp;<\/p>\n","protected":false},"excerpt":{"rendered":"<p>Zarafeti ve D\u00fczeni Bir Arada Sunar Ya\u015fam alanlar\u0131n\u0131za \u015f\u0131kl\u0131k katarken d\u00fczeni de korumak ister misiniz? El yap\u0131m\u0131 deri \u00e7ekmeceli kutular\u0131m\u0131z, hem estetik hem de fonksiyonel bir \u00e7\u00f6z\u00fcm sunar. Her detay\u0131nda kaliteyi hissedece\u011finiz bu \u00f6zel tasar\u0131m; tak\u0131lar\u0131n\u0131z\u0131, ofis malzemelerinizi ya da \u00f6zel e\u015fyalar\u0131n\u0131z\u0131 saklamak i\u00e7in ideal. Banyo alanlar\u0131na zarif ve fonksiyonel bir dokunu\u015f katan deri \u00e7ekmeceli [&hellip;]<\/p>\n","protected":false},"featured_media":2141,"template":"","meta":[],"product_brand":[],"product_cat":[77,74,83],"product_tag":[84,33,32,27,34],"class_list":{"0":"post-2132","1":"product","2":"type-product","3":"status-publish","4":"has-post-thumbnail","6":"product_cat-cekmeceli-kutu","7":"product_cat-otel-urunleri","8":"product_cat-tekne","9":"product_tag-ev","10":"product_tag-interior","11":"product_tag-office","12":"product_tag-hotellerie","13":"product_tag-tekne","15":"first","16":"instock","17":"shipping-taxable","18":"purchasable","19":"product-type-variable"},"_links":{"self":[{"href":"https:\/\/projederi.com.tr\/index.php?rest_route=\/wp\/v2\/product\/2132","targetHints":{"allow":["GET"]}}],"collection":[{"href":"https:\/\/projederi.com.tr\/index.php?rest_route=\/wp\/v2\/product"}],"about":[{"href":"https:\/\/projederi.com.tr\/index.php?rest_route=\/wp\/v2\/types\/product"}],"wp:featuredmedia":[{"embeddable":true,"href":"https:\/\/projederi.com.tr\/index.php?rest_route=\/wp\/v2\/media\/2141"}],"wp:attachment":[{"href":"https:\/\/projederi.com.tr\/index.php?rest_route=%2Fwp%2Fv2%2Fmedia&parent=2132"}],"wp:term":[{"taxonomy":"product_brand","embeddable":true,"href":"https:\/\/projederi.com.tr\/index.php?rest_route=%2Fwp%2Fv2%2Fproduct_brand&post=2132"},{"taxonomy":"product_cat","embeddable":true,"href":"https:\/\/projederi.com.tr\/index.php?rest_route=%2Fwp%2Fv2%2Fproduct_cat&post=2132"},{"taxonomy":"product_tag","embeddable":true,"href":"https:\/\/projederi.com.tr\/index.php?rest_route=%2Fwp%2Fv2%2Fproduct_tag&post=2132"}],"curies":[{"name":"wp","href":"https:\/\/api.w.org\/{rel}","templated":true}]}}