{"id":1731,"date":"2024-12-21T20:45:05","date_gmt":"2024-12-21T20:45:05","guid":{"rendered":"http:\/\/projederi.com.tr\/?post_type=product&#038;p=1731"},"modified":"2025-02-09T20:53:08","modified_gmt":"2025-02-09T20:53:08","slug":"kapakli-cop-kovasi","status":"publish","type":"product","link":"https:\/\/projederi.com.tr\/?product=kapakli-cop-kovasi","title":{"rendered":"Deri Kapakl\u0131 \u00c7\u00f6p Kovas\u0131"},"content":{"rendered":"<p>Metal g\u00f6vde<\/p>\n<p>\u00d6zel kapak yap\u0131s\u0131 sayesinde olas\u0131 yang\u0131n riskini azalt\u0131r ve alevlerin d\u0131\u015far\u0131ya yay\u0131lmas\u0131n\u0131 engeller.<\/p>\n<p>Bu tasar\u0131m, yang\u0131n g\u00fcvenli\u011fini art\u0131ran \u00f6nemli bir avantaj sa\u011flar.<\/p>\n<p>D\u0131\u015f k\u0131s\u0131m suni deri kaplama<\/p>\n<p>El yap\u0131m\u0131d\u0131r.<\/p>\n<p>&nbsp;<\/p>\n<p>&nbsp;<\/p>\n","protected":false},"excerpt":{"rendered":"<p>Metal g\u00f6vde \u00d6zel kapak yap\u0131s\u0131 sayesinde olas\u0131 yang\u0131n riskini azalt\u0131r ve alevlerin d\u0131\u015far\u0131ya yay\u0131lmas\u0131n\u0131 engeller. Bu tasar\u0131m, yang\u0131n g\u00fcvenli\u011fini art\u0131ran \u00f6nemli bir avantaj sa\u011flar. D\u0131\u015f k\u0131s\u0131m suni deri kaplama El yap\u0131m\u0131d\u0131r. &nbsp; &nbsp;<\/p>\n","protected":false},"featured_media":1732,"template":"","meta":[],"product_brand":[],"product_cat":[46,74],"product_tag":[32,27],"class_list":{"0":"post-1731","1":"product","2":"type-product","3":"status-publish","4":"has-post-thumbnail","6":"product_cat-cop-kovasi","7":"product_cat-otel-urunleri","8":"product_tag-office","9":"product_tag-hotellerie","11":"first","12":"outofstock","13":"shipping-taxable","14":"product-type-simple"},"_links":{"self":[{"href":"https:\/\/projederi.com.tr\/index.php?rest_route=\/wp\/v2\/product\/1731","targetHints":{"allow":["GET"]}}],"collection":[{"href":"https:\/\/projederi.com.tr\/index.php?rest_route=\/wp\/v2\/product"}],"about":[{"href":"https:\/\/projederi.com.tr\/index.php?rest_route=\/wp\/v2\/types\/product"}],"wp:featuredmedia":[{"embeddable":true,"href":"https:\/\/projederi.com.tr\/index.php?rest_route=\/wp\/v2\/media\/1732"}],"wp:attachment":[{"href":"https:\/\/projederi.com.tr\/index.php?rest_route=%2Fwp%2Fv2%2Fmedia&parent=1731"}],"wp:term":[{"taxonomy":"product_brand","embeddable":true,"href":"https:\/\/projederi.com.tr\/index.php?rest_route=%2Fwp%2Fv2%2Fproduct_brand&post=1731"},{"taxonomy":"product_cat","embeddable":true,"href":"https:\/\/projederi.com.tr\/index.php?rest_route=%2Fwp%2Fv2%2Fproduct_cat&post=1731"},{"taxonomy":"product_tag","embeddable":true,"href":"https:\/\/projederi.com.tr\/index.php?rest_route=%2Fwp%2Fv2%2Fproduct_tag&post=1731"}],"curies":[{"name":"wp","href":"https:\/\/api.w.org\/{rel}","templated":true}]}}